{"id":19,"date":"2023-09-30T16:41:35","date_gmt":"2023-09-30T14:41:35","guid":{"rendered":"http:\/\/www.edpm2p.org\/index.php\/mesmerize\/"},"modified":"2023-12-26T07:24:26","modified_gmt":"2023-12-26T06:24:26","slug":"mesmerize","status":"publish","type":"page","link":"https:\/\/www.edpm2p.org\/","title":{"rendered":"Front Page"},"content":{"rendered":"<div  id=\"content-1\" style=\"background-color: #f5fafd;\" data-label=\"Content\" data-id=\"content-7-mc\" data-export-id=\"content-7-mc\" data-category=\"content\" class=\"content-7-mc content-section content-section-spacing\"><div  class=\"gridContainer\"> <div  class=\"row middle-sm\"><div  class=\"col-sm-6 space-bottom-xs\" data-type=\"column\"> <h2  class=\"\">En quelque mots<\/h2> <p  class=\"\">Le projet de l\u2019Ecole de Production Montereau Porte de Paris, est d\u2019ouvrir pour la rentr\u00e9e scolaire 2024 un \u00e9tablissement de 800m\u00b2 qui reproduit l\u2019environnement d\u2019un atelier d\u2019entreprise.<br ><br >Ce projet est port\u00e9 par la Mairie de Montereau fault Yonne, la Chambre de Commerce et de l\u2019Industrie, les soci\u00e9t\u00e9s SOUDUPIN et LEWIS Industrie.<br ><br >Sous la direction p\u00e9dagogique de Maitre de formation, les jeunes de 15 \u00e0 18 ans, scolaris\u00e9s, serons charg\u00e9 de fabriquer la commande de professionnels ou de particuliers qui sera vendue au prix du march\u00e9.<br ><br >En donnant de la responsabilit\u00e9 \u00e0 ces jeunes et du sens \u00e0 leur formation, l\u2019Ecole de Production met en lumi\u00e8re leur comp\u00e9tences.<br ><br >Les jeunes re\u00e7oivent ainsi une formation professionnel qualifiante reconnue aboutissant sur un emploi dans un secteur industriel qui recrute.<\/p> <\/div> <div  class=\"col-sm-6\" data-type=\"column\"> <img  decoding=\"async\" class=\"shadow-large\" src=\"http:\/\/www.edpm2p.org\/wp-content\/uploads\/2023\/09\/cropped-FNEP.jpg\" title=\"cropped-FNEP.jpg\" alt=\"\"><\/div> <\/div><\/div> <\/div><div  data-label=\"Testimonials\" data-id=\"testimonials--1\" data-export-id=\"testimonials-1\" data-category=\"testimonials\" class=\"testimonials-1 content-section content-section-spacing\" id=\"testimonials-1\" style=\"background-color: rgb(245, 250, 253);\"><div  class=\"gridContainer\"> <div  class=\"row\"><div  data-type=\"column\" class=\"section-title-col\"> <h2  class=\"\">Une \u00e9cole pour qui<\/h2> <p  class=\"lead\">et comment<\/p><\/div> <\/div> <div  class=\"row spaced-cols content-center-sm\" data-type=\"row\"> <div  class=\"col-xs-12 col-sm-6 col-md-4\"> <i  class=\"fa fa-quote-right icon color1 small quotation-icon\"><\/i> <p  class=\"\">L\u2019ouverture \u00e0 tous les jeunes d\u00e8s 15 ans quel que soit leur niveau scolaire avec pour seul crit\u00e8re d\u2019admission : leur motivation.<\/p> <img  decoding=\"async\" src=\"http:\/\/www.edpm2p.org\/wp-content\/uploads\/2023\/10\/cropped-15A.png\" class=\"round icon\" title=\"cropped-15A.png\" alt=\"\"> <h5  class=\"\">D\u00e9s 15 ans<\/h5> <\/div> <div  class=\"col-xs-12 col-sm-6 col-md-4\"><i  class=\"fa fa-quote-right icon color1 small quotation-icon\"><\/i> <p  class=\"\">Chaque \u00e9l\u00e8ve est personnellement accompagn\u00e9 et encadr\u00e9 par un ma\u00eetre professionnel au sein d\u2019un petit groupe de 8 \u00e0         14 \u00e9l\u00e8ves.<\/p> <img  decoding=\"async\" src=\"http:\/\/www.edpm2p.org\/wp-content\/uploads\/2023\/10\/cropped-maitre.png\" class=\"round icon\" title=\"cropped-maitre.png\" alt=\"\"> <h5  class=\"\">Maitre professionnel<\/h5> <\/div> <div  class=\"col-xs-12 col-sm-6 col-md-4\"><i  class=\"fa fa-quote-right icon color1 small quotation-icon\"><\/i> <p  class=\"\">Les \u00e9l\u00e8ves apprennent              \u00e0 partir de commandes de produits ou de services pour des clients.<\/p> <img  decoding=\"async\" src=\"http:\/\/www.edpm2p.org\/wp-content\/uploads\/2023\/10\/cropped-production.png\" class=\"round icon\" title=\"cropped-production.png\" alt=\"\"> <h5  class=\"\">Relation client<\/h5> <\/div> <\/div><\/div> <\/div><div  data-label=\"Testimonials\" data-id=\"testimonials--2\" data-export-id=\"testimonials-5-mc\" data-category=\"testimonials\" class=\"testimonials-5-mc content-section content-section-spacing\" id=\"testimonials-2\" style=\"background-color: rgb(245, 250, 253);\"><div  class=\"gridContainer\"> <div  class=\"row\"><div  data-type=\"column\" class=\"section-title-col\">  <h2  class=\"\">Les Ecoles de Production dans la presse<\/h2> <\/div> <\/div> <div  class=\"row spaced-cols content-center-sm\" data-type=\"row\"> <div  class=\"col-sm-4 col-md-6 \"> <div  class=\"card y-move bordered\" data-type=\"column\">  <p  class=\"text-center\">Rendre leur noblesse aux m\u00e9tiers ouvriers, c\u2019est aussi donner estime et respect aux \u00e9l\u00e8ves qui s\u2019y forment.<\/p>   <a class=\"link\" href=\"https:\/\/france3-regions.francetvinfo.fr\/pays-de-la-loire\/maine-et-loire\/cholet\/documentaire-les-etincelants-un-vibrant-hommage-aux-eleves-de-l-enseignement-technique-2843843.html\" target=\"_blank\" data-cp-link=\"1\" rel=\"noopener\">france3-regions<\/a><\/div> <\/div> <div  class=\"col-sm-4 col-md-6 \"> <div  class=\"card y-move bordered\" data-type=\"column\">  <p  class=\"text-center\">Imagin\u00e9 il a un si\u00e8cle et demi par un pr\u00eatre-ouvrier, le mod\u00e8le du \u00ab Faire pour apprendre \u00bb des \u00e9coles de production rencontre un succ\u00e8s croissant aupr\u00e8s des jeunes.<\/p>   <a class=\"link\" href=\"http:\/\/www.edpm2p.org\/wp-content\/uploads\/2023\/12\/LesEchos-1.pdf\" target=\"_blank\" data-cp-link=\"1\" rel=\"noopener\">Les Echos<\/a><\/div> <\/div> <\/div> <\/div><\/div><div  data-label=\"Features\" data-id=\"features--1\" data-export-id=\"features-16-card-bordered-mc\" data-category=\"features\" class=\"features-16-card-bordered-mc content-section content-section-spacing\" id=\"features-1\" style=\"background-color: rgb(245, 250, 253);\"><div  class=\"\"> <div  class=\"row text-center\"><div  class=\"section-title-col\" data-type=\"column\">  <h2  class=\"\">Des industriels \u00e0 nos cot\u00e9s<\/h2> <p  class=\"lead\"><\/p><\/div> <\/div> <div  class=\"row spaced-cols center-sm\" data-type=\"row\"> <div  class=\"col-xs-12 col-sm-6 col-md-4 \"> <div  class=\"card no-padding bordered y-move\"> <img  decoding=\"async\" class=\"face\" src=\"http:\/\/www.edpm2p.org\/wp-content\/uploads\/2023\/10\/cropped-SOudupin.jpg\" title=\"cropped-SOudupin.jpg\" alt=\"\"> <div  data-type=\"column\" class=\"col-padding-small col-padding-small-xs description-container\"> <h4  class=\"font-500\">SOUDUPIN<\/h4> <p  class=\"\">Avec plus de 60 ans d\u2019expertise dans la conception et la fabrication de blindages magn\u00e9tiques et de produits de t\u00f4lerie fine, Soudupin s\u2019est engag\u00e9e sur les march\u00e9s les plus exigents.<\/p><\/div> <div  data-type=\"column\" class=\"col-padding-small col-padding-small-xs read-more-container\"><a class=\"read-more\" href=\"https:\/\/www.soudupin.fr\" target=\"_blank\" data-cp-link=\"1\" rel=\"noopener\">En savoir plus<\/a><\/div> <\/div><\/div> <div  class=\"col-xs-12 col-sm-6 col-md-4 \"><div  class=\"card no-padding bordered y-move\"> <img  decoding=\"async\" class=\"face\" src=\"http:\/\/www.edpm2p.org\/wp-content\/uploads\/2023\/10\/cropped-Lewis-1.jpg\" title=\"Lewis\" alt=\"\"> <div  data-type=\"column\" class=\"col-padding-small col-padding-small-xs description-container\"> <h4  class=\"font-500\">LEWIS Industrie<\/h4> <p  class=\"\">Cr\u00e9\u00e9e en 1966, LEWIS Industrie industrialise et fabrique des pi\u00e8ces en t\u00f4lerie fine de pr\u00e9cision et y int\u00e8gre au besoin des composants \u00e9lectroniques pour proposer un \u00e9quipement pr\u00eat \u00e0 \u00eatre livr\u00e9.<\/p><\/div> <div  data-type=\"column\" class=\"col-padding-small col-padding-small-xs read-more-container\"><a class=\"read-more\" href=\"http:\/\/lewis-industrie.fr\" target=\"_blank\" data-cp-link=\"1\" rel=\"noopener\">En savoir plus<\/a><\/div> <\/div><\/div>  <div  class=\"col-xs-12 col-sm-6 col-md-4\"> <div  class=\"card no-padding bordered y-move\"> <img  decoding=\"async\" class=\"face\" src=\"http:\/\/www.edpm2p.org\/wp-content\/uploads\/2023\/12\/cropped-Fonderie-Roger.jpg\" title=\"cropped-Fonderie-Roger.jpg\" alt=\"\"> <div  data-type=\"column\" class=\"col-padding-small col-padding-small-xs description-container\"> <h4  class=\"font-500\">Fonderie ROGER<\/h4> <p  class=\"\">Cr\u00e9e dans les ann\u00e9es 30, la Fonderie ROGER a commenc\u00e9 son activit\u00e9 par la fonderie de plomb. La fonderie ROGER est maintenat sp\u00e9cialis\u00e9e dans la fonte de Zamak et de Plmob pour l&#8217;industrie et les objets publicitaires<\/p><\/div> <div  data-type=\"column\" class=\"col-padding-small col-padding-small-xs read-more-container\"><a class=\"read-more\" href=\"https:\/\/www.fonderieroger.fr\" target=\"_blank\" data-cp-link=\"1\" rel=\"noopener\">En savoir plus<\/a><\/div> <\/div><\/div><\/div><\/div> <\/div><div  id=\"contact-1\" style=\"background-color: #ffffff;\" data-label=\"Contact\" data-id=\"contact-1-mc\" data-export-id=\"contact-1-mc\" data-bullets-visibility=\"true\" data-category=\"contact\" class=\"contact-1-mc content-section content-section-spacing white-text\" data-parallax-depth=\"20\"><div  class=\"gridContainer\"> <div  class=\"row text-center\"><div  class=\"section-title-col\" data-type=\"column\"> <h5  class=\"\">Vous avez un projet de prototypage, de petite serie.<br >Vous voulez nous rejoindre ou vous avez une simple question:<\/h5> <h2  class=\"\">Contactez nous<\/h2> <p  class=\"lead\">L\u2019Ecole de Production Montereau Porte de Paris est \u00e0 votre \u00e9coute<\/p><\/div> <\/div> <div  class=\"row text-center\"> <div  class=\"col-xs-12 col-sm-8 col-sm-offset-2 contact-form-wrapper inline-info\"> <div  class=\"card large-padding\"> <div  class=\"\" data-content-shortcode=\"mesmerize_contact_form shortcode=&quot;wpforms id=&amp;amp;quot;68&amp;amp;quot;&quot;\" data-editable=\"true\"><div class=\"wpforms-container wpforms-container-full wpforms-render-modern\" id=\"wpforms-68\"><form id=\"wpforms-form-68\" class=\"wpforms-validate wpforms-form wpforms-ajax-form\" data-formid=\"68\" method=\"post\" enctype=\"multipart\/form-data\" action=\"\/index.php\/wp-json\/wp\/v2\/pages\/19\" data-token=\"af887f863117fff1d00dd2361646ee0a\"><noscript class=\"wpforms-error-noscript\">Please enable JavaScript in your browser to complete this form.<\/noscript><div class=\"wpforms-hidden\" id=\"wpforms-error-noscript\">Please enable JavaScript in your browser to complete this form.<\/div><div class=\"wpforms-field-container\"><div id=\"wpforms-68-field_1-container\" class=\"wpforms-field wpforms-field-name\" data-field-id=\"1\"><fieldset><legend class=\"wpforms-field-label\">Nom <span class=\"wpforms-required-label\" aria-hidden=\"true\">*<\/span><\/legend><div class=\"wpforms-field-row wpforms-field-medium\"><div class=\"wpforms-field-row-block wpforms-first wpforms-one-half\"><input type=\"text\" id=\"wpforms-68-field_1\" class=\"wpforms-field-name-first wpforms-field-required\" name=\"wpforms[fields][1][first]\" aria-errormessage=\"wpforms-68-field_1-error\" required><label for=\"wpforms-68-field_1\" class=\"wpforms-field-sublabel after \">First<\/label><\/div><div class=\"wpforms-field-row-block wpforms-one-half\"><input type=\"text\" id=\"wpforms-68-field_1-last\" class=\"wpforms-field-name-last wpforms-field-required\" name=\"wpforms[fields][1][last]\" aria-errormessage=\"wpforms-68-field_1-last-error\" required><label for=\"wpforms-68-field_1-last\" class=\"wpforms-field-sublabel after \">Last<\/label><\/div><\/div><\/fieldset><\/div><div id=\"wpforms-68-field_8-container\" class=\"wpforms-field wpforms-field-name\" data-field-id=\"8\"><label class=\"wpforms-field-label\" for=\"wpforms-68-field_8\">Soci\u00e9t\u00e9<\/label><input type=\"text\" id=\"wpforms-68-field_8\" class=\"wpforms-field-medium\" name=\"wpforms[fields][8]\" aria-errormessage=\"wpforms-68-field_8-error\" aria-describedby=\"wpforms-68-field_8-description\" ><div id=\"wpforms-68-field_8-description\" class=\"wpforms-field-description\">Vous \u00eates un industriel? une association? une collectivit\u00e9 locale? N\u2019h\u00e9sitez pas \u00e0 nous le faire savoir.<\/div><\/div><div id=\"wpforms-68-field_7-container\" class=\"wpforms-field wpforms-field-email\" data-field-id=\"7\"><label class=\"wpforms-field-label\" for=\"wpforms-68-field_7\">Email <span class=\"wpforms-required-label\" aria-hidden=\"true\">*<\/span><\/label><input type=\"email\" id=\"wpforms-68-field_7\" class=\"wpforms-field-medium wpforms-field-required\" name=\"wpforms[fields][7]\" spellcheck=\"false\" aria-errormessage=\"wpforms-68-field_7-error\" required><\/div><div id=\"wpforms-68-field_2-container\" class=\"wpforms-field wpforms-field-radio\" data-field-id=\"2\"><fieldset><legend class=\"wpforms-field-label\">Mon besoin: <span class=\"wpforms-required-label\" aria-hidden=\"true\">*<\/span><\/legend><ul id=\"wpforms-68-field_2\" class=\"wpforms-field-required\"><li class=\"choice-1 depth-1\"><input type=\"radio\" id=\"wpforms-68-field_2_1\" name=\"wpforms[fields][2]\" value=\"Je recherche une \u00e9cole.\" aria-errormessage=\"wpforms-68-field_2_1-error\" aria-describedby=\"wpforms-68-field_2-description\" required ><label class=\"wpforms-field-label-inline\" for=\"wpforms-68-field_2_1\">Je recherche une \u00e9cole.<\/label><\/li><li class=\"choice-4 depth-1\"><input type=\"radio\" id=\"wpforms-68-field_2_4\" name=\"wpforms[fields][2]\" value=\"J&#039;aimerais avoir des informations sur notre \u00e9cole.\" aria-errormessage=\"wpforms-68-field_2_4-error\" aria-describedby=\"wpforms-68-field_2-description\" required ><label class=\"wpforms-field-label-inline\" for=\"wpforms-68-field_2_4\">J'aimerais avoir des informations sur notre \u00e9cole.<\/label><\/li><li class=\"choice-2 depth-1\"><input type=\"radio\" id=\"wpforms-68-field_2_2\" name=\"wpforms[fields][2]\" value=\"Je cherche \u00e0 faire du prototypage ou une pi\u00e8ce unique.\" aria-errormessage=\"wpforms-68-field_2_2-error\" aria-describedby=\"wpforms-68-field_2-description\" required ><label class=\"wpforms-field-label-inline\" for=\"wpforms-68-field_2_2\">Je cherche \u00e0 faire du prototypage ou une pi\u00e8ce unique.<\/label><\/li><li class=\"choice-3 depth-1\"><input type=\"radio\" id=\"wpforms-68-field_2_3\" name=\"wpforms[fields][2]\" value=\"J&#039;ai besoin de produire une petite s\u00e9rie ou une fabrication r\u00e9currente.\" aria-errormessage=\"wpforms-68-field_2_3-error\" aria-describedby=\"wpforms-68-field_2-description\" required ><label class=\"wpforms-field-label-inline\" for=\"wpforms-68-field_2_3\">J'ai besoin de produire une petite s\u00e9rie ou une fabrication r\u00e9currente.<\/label><\/li><li class=\"choice-5 depth-1\"><input type=\"radio\" id=\"wpforms-68-field_2_5\" name=\"wpforms[fields][2]\" value=\"Je voudrais rejoindre ou soutenir votre \u00e9quipe.\" aria-errormessage=\"wpforms-68-field_2_5-error\" aria-describedby=\"wpforms-68-field_2-description\" required ><label class=\"wpforms-field-label-inline\" for=\"wpforms-68-field_2_5\">Je voudrais rejoindre ou soutenir votre \u00e9quipe.<\/label><\/li><\/ul><div id=\"wpforms-68-field_2-description\" class=\"wpforms-field-description\">Votre besoin n'est pas dans le liste? Contactez nous quand m\u00eame.<\/div><\/fieldset><\/div><div id=\"wpforms-68-field_9-container\" class=\"wpforms-field wpforms-field-name\" data-field-id=\"9\"><label class=\"wpforms-field-label\" for=\"wpforms-68-field_9\">T\u00e9l\u00e9phone de contact <span class=\"wpforms-required-label\" aria-hidden=\"true\">*<\/span><\/label><input type=\"text\" id=\"wpforms-68-field_9\" class=\"wpforms-field-medium wpforms-field-required\" name=\"wpforms[fields][9]\" aria-errormessage=\"wpforms-68-field_9-error\" aria-describedby=\"wpforms-68-field_9-description\" required><div id=\"wpforms-68-field_9-description\" class=\"wpforms-field-description\">Si vous souhaitez \u00eatre rappel\u00e9 par t\u00e9l\u00e9phone<\/div><\/div><div id=\"wpforms-68-field_6-container\" class=\"wpforms-field wpforms-field-textarea\" data-field-id=\"6\"><label class=\"wpforms-field-label\" for=\"wpforms-68-field_6\">Vous voulez nous faire part d&#039;une id\u00e9e? d&#039;un commentaire?<\/label><textarea id=\"wpforms-68-field_6\" class=\"wpforms-field-medium\" name=\"wpforms[fields][6]\" aria-errormessage=\"wpforms-68-field_6-error\" aria-describedby=\"wpforms-68-field_6-description\" ><\/textarea><div id=\"wpforms-68-field_6-description\" class=\"wpforms-field-description\">Cette rubrique est \u00e0 vous.<\/div><\/div><\/div><!-- .wpforms-field-container --><div class=\"wpforms-submit-container\" ><input type=\"hidden\" name=\"wpforms[id]\" value=\"68\"><input type=\"hidden\" name=\"wpforms[author]\" value=\"1\"><button type=\"submit\" name=\"wpforms[submit]\" id=\"wpforms-submit-68\" class=\"wpforms-submit\" data-alt-text=\"Sending...\" data-submit-text=\"Submit\" aria-live=\"assertive\" value=\"wpforms-submit\">Submit<\/button><img loading=\"lazy\" decoding=\"async\" src=\"https:\/\/www.edpm2p.org\/wp-content\/plugins\/wpforms-lite\/assets\/images\/submit-spin.svg\" class=\"wpforms-submit-spinner\" style=\"display: none;\" width=\"26\" height=\"26\" alt=\"Loading\"><\/div><\/form><\/div>  <!-- .wpforms-container --><\/div><\/div> <\/div><\/div> <\/div><\/div>","protected":false},"excerpt":{"rendered":"<p>En quelque mots Le projet de l\u2019Ecole de Production Montereau Porte de Paris, est d\u2019ouvrir pour la rentr\u00e9e scolaire 2024 un \u00e9tablissement de 800m\u00b2 qui reproduit l\u2019environnement d\u2019un atelier d\u2019entreprise.Ce projet est port\u00e9 par la Mairie de Montereau fault Yonne, la Chambre de Commerce et de l\u2019Industrie, les soci\u00e9t\u00e9s SOUDUPIN et LEWIS Industrie.Sous la direction&hellip; <br \/> <a class=\"read-more\" href=\"https:\/\/www.edpm2p.org\/\">Read more<\/a><\/p>\n","protected":false},"author":1,"featured_media":0,"parent":0,"menu_order":0,"comment_status":"closed","ping_status":"closed","template":"page-templates\/homepage.php","meta":{"footnotes":""},"class_list":["post-19","page","type-page","status-publish","hentry"],"_links":{"self":[{"href":"https:\/\/www.edpm2p.org\/index.php\/wp-json\/wp\/v2\/pages\/19","targetHints":{"allow":["GET"]}}],"collection":[{"href":"https:\/\/www.edpm2p.org\/index.php\/wp-json\/wp\/v2\/pages"}],"about":[{"href":"https:\/\/www.edpm2p.org\/index.php\/wp-json\/wp\/v2\/types\/page"}],"author":[{"embeddable":true,"href":"https:\/\/www.edpm2p.org\/index.php\/wp-json\/wp\/v2\/users\/1"}],"replies":[{"embeddable":true,"href":"https:\/\/www.edpm2p.org\/index.php\/wp-json\/wp\/v2\/comments?post=19"}],"version-history":[{"count":24,"href":"https:\/\/www.edpm2p.org\/index.php\/wp-json\/wp\/v2\/pages\/19\/revisions"}],"predecessor-version":[{"id":106,"href":"https:\/\/www.edpm2p.org\/index.php\/wp-json\/wp\/v2\/pages\/19\/revisions\/106"}],"wp:attachment":[{"href":"https:\/\/www.edpm2p.org\/index.php\/wp-json\/wp\/v2\/media?parent=19"}],"curies":[{"name":"wp","href":"https:\/\/api.w.org\/{rel}","templated":true}]}}